90. Let b(w) = i*d(w) - 2*q(w). Calculate b(-9).
10
Let w = 4 + -2. Let t(o) = 16*o - 26*o + 12*o + w. Determine t(-4).
-6
Let p(w) = 12*w**3 + w**2 + 2*w - 1. Let c(r) = -r - 2*r**3 + 0*r + r**3. Let x(o) = -2*c(o) - p(o). Let q(k) = -331*k + 2318. Let y be q(7). Give x(y).
-10
Suppose h + 2*h + 4*n = -24, -3*n = 0. Let y(g) = -g**3 - 8*g**2 - 2*g - 2. What is y(h)?
14
Let d(t) be the second derivative of -t**4/12 + t**3/6 + 3*t**2/2 + 31*t. Calculate d(6).
-27
Let w = 5 - 7. Let m(r) = r + 4. Let v be m(w). Let h(x) = v*x**2 - x - 1 + 12*x**3 + 0*x**2 + x. Calculate h(-1).
-11
Let l = -3 - -6. Let v(w) be the third derivative of 2*w**2 + 0*w + 0*w**4 + 0 + 1/15*w**5 - 1/2*w**3 - 1/120*w**6. Determine v(l).
6
Let i(c) = -c**3 + 4*c**2 + 8*c - 4. Let j = -481 - -487. Determine i(j).
-28
Let z(c) = c**2 + 3. Let t be z(0). Let p(d) = 6*d + 2*d**2 - t - 7*d - 3*d**2. Give p(-3).
-9
Let l(r) = 2*r**2 + 4*r + 4. Let b be l(-1). Let y(g) = -2*g**3 - g**2 + 2*g - 2. What is y(b)?
-18
Let i be -3 + (13 - 9) + -6. Let w(z) = -z**3 - 6*z**2 - 3*z + 10. Calculate w(i).
0
Let o(g) = -g + 3. Let y be 10/4*6/15 + 4. Determine o(y).
-2
Let x(g) be the third derivative of 1/60*g**5 + 0*g + 0 + 5/24*g**4 - 2*g**2 - 2/3*g**3. What is x(-8)?
20
Let i(c) = 2*c**2 + 1 - 9 - 3*c**2 + 8*c. Let d(m) = -m - 3 + 2 - 5 - 3*m. Let h be d(-3). What is i(h)?
4
Let o be 3 - (0/2 - -1). Let f be (-2)/(-4) - 7/o. Let a(z) be the third derivative of z**6/120 + z**5/12 + 5*z**4/24 + z**3/3 + z**2. What is a(f)?
5
Let b(t) = 4*t**3 - 6*t**2 + 9*t - 11. Let p(x) = -6*x**3 + 9*x**2 - 14*x + 17. Let m = -41 - -49. Let s(n) = m*b(n) + 5*p(n). Give s(2).
5
Let j(i) = -i**2 + i - 9. Let g be ((-4 - -4)*-1)/(-4 - -5). Calculate j(g).
-9
Suppose -4*n = 14 + 2, -5*n = -q + 25. Let b(w) = w**2 + w + 1. Let x(h) = -4*h**2 - 12*h - 7. Let c(p) = 6*b(p) + x(p). Calculate c(q).
19
Let b(c) = 2*c + 16. Let w be (-3)/(-7) - (-2880)/(-252). Calculate b(w).
-6
Suppose -47 + 23 = 4*q. Let d be (36/q)/(-6) - 26/2. Let i(h) = h + 5. Calculate i(d).
-7
Suppose -5*r + 10 = -25. Let q(n) = 5*n - 8*n**2 + 20397*n**3 - 20396*n**3 - 7 + 2*n. Calculate q(r).
-7
Let w(f) = -f - 24. Let d(c) = 5. Let h(j) = -11*d(j) - 2*w(j). Calculate h(4).
1
Let l(k) = 5 + 1073*k - k**2 - 540*k - 541*k. What is l(-9)?
-4
Let a = 123 - 84. Suppose 4*h - 5*d = 49, 2*h - 3*d = -h + a. Suppose 0*y + h = 4*y. Let v(b) = b**2 - 3*b + 4. What is v(y)?
8
Let r(v) be the second derivative of 10*v + 0 + 1/6*v**3 - 5/2*v**2. Calculate r(4).
-1
Let y = -59 + 62. Let t(m) = 2*m - y*m - 1 + 9 - 5. Calculate t(3).
0
Let s(z) = z**2 + 11*z + 9. Suppose 2*k - 4*a = k + 16, -2*a = -3*k + 78. Suppose 2*c + k = -3*q, 23 = 5*q - c + 61. Determine s(q).
-15
Let v(y) be the second derivative of -y**3/6 + 4*y**2 + 104*y. Calculate v(0).
8
Let a(j) be the first derivative of 1/3*j**3 - j + 33 + 1/2*j**2. Let o(y) = y - 2. Let m be o(4). Determine a(m).
5
Suppose 10*k - 9 = 7*k. Let c(x) = -x**2 - 1. Let u(m) = -2*m**2 - 5*m - 5. Let o(r) = 3*c(r) - u(r). What is o(k)?
8
Let k = 2 - 4. Suppose 3*a + 2*h - 8 = -0*h, 5*a - 14 = -4*h. Let c(y) = 1 + 0 + 0 - a*y. Give c(k).
5
Let c(g) = 4*g - 5. Suppose 41*s - 2 = 40*s. What is c(s)?
3
Let m(p) be the first derivative of p**4/2 + p**3 + p + 482. Determine m(-3).
-26
Let x(n) be the second derivative of -n**3/3 - 7*n**2/2 + n - 325. Give x(-5).
3
Let p(w) = 5*w - 4. Let t = -275 - -278. Determine p(t).
11
Let n(q) = -q**2 - 1. Let f(r) = 0 + 7*r - 5*r - 4*r**2 - 6. Let t(m) = f(m) - 3*n(m). Give t(4).
-11
Let b(v) = -119 + 240 - v - 118. Let r be (-4)/(-10)*(-3 - 12). Determine b(r).
9
Let p = 21 - 15. Let n(b) be the second derivative of b**4/12 - b**3 - 5*b**2/2 - 125*b - 2. Calculate n(p).
-5
Suppose 0 = 4*s - s. Let k(z) = z**2 - z - 1. Let y(u) = 7*u**2 - 5*u - 18. Let x(a) = -6*k(a) + y(a). Determine x(s).
-12
Let o be 3 + (-35)/10 + 2/3. Let a(k) be the third derivative of 3*k**2 - 1/6*k**3 + 0*k + o*k**4 + 0. Calculate a(-1).
-5
Let s(n) = 6*n - 44. Let c(d) = -2*d**2 - 96*d + 6. Let u be c(-48). What is s(u)?
-8
Suppose -2*y + 20 = -4*i, 0*i - 2*i - 14 = -2*y. Suppose -5*b = -3*x - 0*x + 52, 5*x = 4*b + 91. Let p(t) = -4*t - 5*t - 12*t + x*t + 1. Determine p(i).
7
Let j be -3 - (-20)/6 - (-305)/(-15). Let l = j - -27. Let s(b) = b**3 - 6*b**2 - 7*b - 7. What is s(l)?
-7
Let y = 139 + -132. Let j(z) = -3*z**3 + 7*z**2 - 8*z - 1 + 9*z + 4*z**3 + y*z. What is j(-6)?
-13
Let y(a) = 7 - 14 + 5 - 5*a**2 + 3*a + a**2 - 2*a. Determine y(-2).
-20
Let a = 62 - 60. Let f(y) = 99*y**2 - y - 103*y**2 + 2*y - a. What is f(2)?
-16
Let y(c) = -c**2 + 4*c + 2 - c + 3*c**3 + 2*c**2 - 4*c**3. Let v be y(3). Let f(g) = g**2 + 7*g + 3. What is f(v)?
3
Let r(v) be the first derivative of 1/2*v**2 + 0*v**3 + 0*v**4 + 6 - 1/20*v**5 + 0*v. Let j(w) be the second derivative of r(w). Determine j(-1).
-3
Let f(t) be the second derivative of t**3/3 - 7*t**2/2 + 45*t. Determine f(-5).
-17
Let m = 481 - 479. Let r(g) be the second derivative of -1/3*g**4 + 7/2*g**m + 7/6*g**3 + 0 - 1/20*g**5 + 2*g. What is r(-5)?
-3
Let n(j) = -j**3 + j**2 - 48. Let h(r) = -r**2 - 21*r - 110. Let t be h(-10). Determine n(t).
-48
Suppose 204 = -2*n + 6*n. Let x = -46 + n. Let h(i) = -3*i + 2. Give h(x).
-13
Let y(m) = 0*m**3 + 3*m**2 + 0 + m**3 + 4 - 2*m. Let q = -1176 + 1173. Determine y(q).
10
Suppose -5*m + 3*k = -k - 14, -5*k = -3*m + 11. Suppose 5*z - m*f + 0 = 2, 26 = 5*z + 4*f. Let i(t) = -t**2 - 3*t**2 + 3*t**2 - z*t + 0*t**2 + 7. What is i(-5)?
-8
Let l(b) be the third derivative of -b**6/60 + b**5/20 - b**4/24 + b**3/3 - 6*b**2. Let g be l(2). Let z be (-10)/g*8/4. Let j(u) = 2*u - 1. Determine j(z).
9
Suppose 5*b - 1 = -s + 11, 0 = 3*s + 9. Let l(i) = 2*i**3 - 2*i**2 - 4*i + 2. Give l(b).
26
Let u be 444/16 - 3/4. Let d be (-7)/(-5) + u/45. Let g(l) be the third derivative of -l**4/12 + l**3/6 - l**2. Give g(d).
-3
Let d(r) = r**3 - 3*r**2 - 2*r + 4. Let q be (3 - (-6 - 3)) + 0. Suppose -q = -15*j + 13*j. Suppose 1 = 3*y + t - 8, 2*y + 2*t = j. Determine d(y).
-2
Let r be ((-12)/8)/(9/(-6)). Let c(z) = -z**2 + 6*z + 10. Let w be c(7). Let f(p) = -w - 4*p - 2*p**2 + 2*p + r + p. Give f(-2).
-8
Let a(u) = u**3 - 2*u**2 - 4*u - 3. Let t(j) be the second derivative of -j**4/12 - j**3/3 + 3*j**2 + 10*j. Let o be t(-4). Calculate a(o).
-11
Let c(b) = b**3 + b**2 - b. Let t be c(-1). Let u(i) = 12*i - 6. What is u(t)?
6
Let k(b) be the second derivative of b**4/12 + 7*b**3/6 - 6*b**2 - 46*b - 1. What is k(-9)?
6
Let c(y) = -21*y**3 - 11*y**2 + 2*y + 2. Let q(m) = 23*m**3 + 13*m**2 - 2*m - 2. Let k(t) = -6*c(t) - 5*q(t). Determine k(-1).
-10
Let v(o) = -o**2 + 61*o - 630. Let s be v(48). Let c(k) = -6*k - 27. Give c(s).
9
Let z be (-60)/(-18) + (-6)/(-9). Let c(t) be the second derivative of -t**3/3 - 56*t + 2. Determine c(z).
-8
Let p(l) = l**3 - 11*l**2 + 38*l - 32*l + 24 + 29 - 46. Calculate p(10).
-33
Let u(n) = -3*n + 2. Let t be u(2). Let y(f) = -f**3 + 15*f**2 - 14*f + 1. Let p be y(14). Let j(d) = 1 - 3 - d - 3 - p. Determine j(t).
-2
Let j be 20 - (2 + -2)/3. Let m be 55/j - (-3)/(-4). Let s(p) = -p**3 + 2*p**2 - 1. Calculate s(m).
-1
Suppose 0 = -11*c - 23 - 10. Let m(p) = 3*p**2 + 8*p - 4. Determine m(c).
-1
Let m(j) = -3*j + 2. Let u be (8 - 6)*(1 + 0). Suppose -u*s + 5*v - 1 = 0, -16 = -5*s - 2*v - 4. Calculate m(s).
-4
Let g(w) = -4*w**3 - 6*w**2 + w - 4. Let b(i) = i**3 + i**2 + 1. Let h(d) = 5*b(d) + g(d). Let v(t) = -t + 6. Let z = 16 - 10. Let m be v(z). What is h(m)?
1
Suppose -20 = -5*x + 156*m - 152*m, 4*m + 20 = -3*x. Let o(p) be the second derivative of -3*p + 1/12*p**4 + x - 1/2*p**2 - p**3. What is o(6)?
-1
Let q = 3 - 2. Suppose -5*y + 4 + 1 = 0. Let w(s) = -4*s**2 - y + 3*s - s - s**2. What is w(q)?
-4
Let z(f) be the third derivative of f**5/60 - 5*f**4/8 + 2*f**3 - 77*f**2. Determine z(11).
-32
Let p be (1 - -35)*12/9. Let n(h) = 26*h - p*h + 21*h + 5. Give n(5).
0
Let r(l) = 2*l**3 - l - 1. Let k(q) = -5*q**3 + 4*q**2 + 3. Let b(v) = -k(v) - 3*r(v). Give b(-4).
-12
Let i(x) = -x**3 - 3*x**2 - 3*x. Suppose -2*z + z = 5. Let k be 16/z + (-15)/(-75). Determine i(k).
9
Suppose a + 5*f - 18 = 0, -2*f = -4*a - 4*f + 108. Let o = -26 + a. Let b(w) = w**3 - 2*w - 1. Give b(o).
3
Let d = -15 + 17. Let g(o) be the